e o(-3). Let w be (-5)/4 + 17686/(-296). Let a = w - i. Calculate the remainder when a is divided by 18.
15
What is the remainder when 481 is divided by ((-19)/((-494)/(-39)))/((-6)/44)?
8
Let t be (15/(-10))/((-6)/160). Suppose 0*f - 5*f = -t. Suppose f*r = 6*r + 30. Calculate the remainder when 42 is divided by r.
12
Let v = 5 - -9. Let f(t) = 3*t - 14. Let m be f(v). Suppose m + 25 = r. What is the remainder when r is divided by 14?
11
Let m(y) = -2*y - 10. Suppose 5*u = 3*c + 17 + 37, -21 = -u + 4*c. What is the remainder when m(-17) is divided by u?
6
Suppose 2*o + 12 = 3*i - i, -o = -2*i + 9. Suppose 22 = i*s - 11. Suppose -4*b + 5 + s = 0. Calculate the remainder when 14 is divided by b.
2
Suppose 3*x + 8 = k, -x + k - 21 = -3*k. Let l = 16 + x. Suppose 3*b - 57 = -5*h, -2*h + 17*b = 20*b - 30. What is the remainder when l is divided by h?
6
Let r = -16 - -34. Let i(c) = -c**3 + 19*c**2 - 19*c + 24. Let l(u) = -u**2 + u. Let g(w) = i(w) - l(w). What is the remainder when r is divided by g(19)?
3
What is the remainder when 209/2 + -6 + (-30)/(-4) is divided by 3?
1
Suppose 123*b = 121*b + 2*g + 124, -g + 304 = 5*b. Calculate the remainder when b is divided by 10.
1
Let m be (-4)/(-22) - (-168)/44. Suppose 0 = o - 4*p + 8, m*o - p - 12 = 2*o. What is the remainder when 11 is divided by o/14 + 48/14?
3
Suppose -l + 47 = -54. Calculate the remainder when l is divided by 27.
20
Suppose -5*y - b = -4*b - 9, 2*y + 5*b - 16 = 0. Let l = -37 - -40. Suppose l*d - 26 = 5*n, 2*d + 5*n = -16 - 0. Calculate the remainder when y is divided by d.
1
Suppose -3*r + 4 = -2*r - 5*p, -2*r + 21 = 3*p. Calculate the remainder when 205 is divided by r.
7
Let g(h) = 9*h**2 + 18*h**3 + 2 - 17*h**3 - 13*h - 5. Calculate the remainder when g(-10) is divided by 15.
12
Let q = 189 + -51. Let v = 145 - q. Let d = -6 + 10. Calculate the remainder when v is divided by d.
3
Let s(c) = c - 3. Let j be s(-4). Let y be (2/(-3))/(10/(-405)). Let u = y + j. What is the remainder when u is divided by 7?
6
Let j = 3 + -7. Calculate the remainder when 39 is divided by 3/(j*3/(-24)).
3
Let f = 1210 + -1199. Suppose -v = -2*w + 32, -3*v - v + 93 = 5*w. Calculate the remainder when w is divided by f.
6
Suppose -4*f + 50 = 6*f. What is the remainder when 27 is divided by ((-12)/f)/(6/(-20))?
3
Let y(h) = 12*h**2 + 36*h + 4. What is the remainder when y(-5) is divided by 25?
24
Let l = 196 + -127. Let i = -17 + 20. Suppose i*v - 47 = 7. Calculate the remainder when l is divided by v.
15
Let v = -542 + 562. Calculate the remainder when 77 is divided by v.
17
Let j = -1432 + 2787. Calculate the remainder when j is divided by 97.
94
Suppose 0 = -4*s + 8*s - 40. Suppose s*j = 12*j + 34. Let z = 36 + j. What is the remainder when z is divided by 7?
5
Let r(j) = j**3 + j**2 + j + 19. Suppose -5*y + 2*y = 0. What is the remainder when r(y) is divided by 33/11 - (-4 + 0)?
5
Suppose -7*a + 151 = -52. Let k = a - -6. Calculate the remainder when k is divided by 9.
8
Let o be 265/3 - 4/(-6). Calculate the remainder when o/1 - (-2)/1 is divided by (2 + 28/(-8))/(((-180)/184)/15).
22
Let o be (-211 + 1)*(-2)/5. Suppose 21 = -3*d + o. Let j = -77 + 159. What is the remainder when j is divided by d?
19
Let u be (6 + 0)/(-3)*3. Let j(d) be the second derivative of d**5/20 + d**4/2 - 7*d**3/6 - 10*d. Calculate the remainder when j(u) is divided by 11.
9
Let x(m) = 4*m**3 - m**2 - 5*m + 2. Calculate the remainder when x(3) is divided by 47.
39
Suppose 3074*k - 3070*k = 104. What is the remainder when k is divided by 6?
2
Let u = -57 - -342. Calculate the remainder when 77 is divided by u/18 + 3/18.
13
Let h(o) = -o**3 - 7*o**2 + 4*o - 5. What is the remainder when 53 is divided by h(-8)?
26
Suppose 3*c - 3 = 0, 0 = -2*q + 4*c + 4 - 2. Suppose 4*b = -2*d + 214, q*b = -3*d + 248 + 61. Calculate the remainder when d is divided by 51.
48
Let f = -259 - -10. Calculate the remainder when (32/(-10))/(1/(-10)) is divided by f/(-15) - 9/(90/(-4)).
15
Suppose 24 = 4*q + 2*r, -5*q = -0*q - r - 16. Suppose 0 = -2*j + u + 85, j + q*u - 70 = -j. Calculate the remainder when j is divided by 14.
13
Let o = 1520 + -1506. Calculate the remainder when 487 is divided by o.
11
Suppose 2*l - 118 - 40 = 0. Suppose 5*i - 7*r - 76 = -3*r, 5*i - r = l. Suppose -2*q + 118 = -i. Calculate the remainder when q is divided by 23.
21
Suppose 4*f - 5*d = -d + 228, -271 = -5*f - 2*d. Calculate the remainder when f is divided by ((-8)/(-10))/(-2 + (-66)/(-30)).
3
Let s(g) = -g**3 - 2. Let u be s(4). Let a = -62 - u. What is the remainder when 23 is divided by a?
3
Suppose 3*y = 14 + 7. Suppose 19*b = 10*b + 18. What is the remainder when b is divided by 30/42 - (-2)/y?
0
Suppose 2*r - 5*f = 0, r - 30 = -3*r - 5*f. Suppose -2*m + 42 = 4*c - 16, -3*c + 54 = r*m. What is the remainder when -50*(1 + (-6)/4) is divided by c?
12
Let u = -461 - -497. What is the remainder when u is divided by 2?
0
Let j = 13 - 21. Calculate the remainder when -1 + 18 - 2 - 0 is divided by j + 10 - 2/(-1).
3
Let i = -399 + 577. Calculate the remainder when i is divided by 45.
43
Let j(d) = 4*d**3 - 5*d**2 + 18*d - 18. Suppose 2*y + y = -z + 117, 0 = 5*z - y - 585. What is the remainder when z is divided by j(2)?
27
Let y = 157 - 144. What is the remainder when 112 is divided by y?
8
Let v(b) = -b**3 - 6*b**2 + 2. Suppose -2*z - 5 = 7. Let m be v(z). Suppose 2*r = -m*r + 28. Calculate the remainder when 27 is divided by r.
6
Suppose 5*u - 61 = 4*l, 0 = 7*u - 11*u + 3*l + 48. Calculate the remainder when 22 is divided by u.
4
Let f = -32 - -36. Suppose 8*k - f*k + 50 = n, -4*n + 3*k = -148. Calculate the remainder when n is divided by 13.
8
Let n = 125 + -98. What is the remainder when 47 is divided by n?
20
Let z = 4963 + -2925. Calculate the remainder when z is divided by 60.
58
Suppose 35 = 4*m + 3*h, 4*m = -2*h + 15 + 15. What is the remainder when 42 is divided by m?
2
Let c be (-18)/5*(-10)/(-4). What is the remainder when 2/(24/c) - (-255)/20 is divided by 3?
0
Suppose 2*z + 4*a - 120 = 0, 2*z - 294 = -3*z - 4*a. Calculate the remainder when z is divided by ((-6)/(-9))/(2/36).
10
Suppose 979 = -3*p + 1033. What is the remainder when p is divided by 10?
8
Suppose -20*z + 1158 = 178. What is the remainder when 86 is divided by z?
37
Let q(d) = -7*d**3 - 5*d**2 - 6*d. Let v be q(-1). Suppose i + 1 = v. Calculate the remainder when 9 is divided by i.
2
Let q = 0 + 5. Suppose -7*x - 49 = -119. Suppose -26 = -3*g + 5*j, x + 4 = -g - 4*j. Calculate the remainder when q is divided by g.
1
Let m be ((-48)/(-18))/(-4)*258/4. Let q = 14 - m. Suppose 12 = -4*w, -3*r = 2*w - 11 - 43. Calculate the remainder when q is divided by r.
17
Let x = 18 - 16. Suppose -k = 5*a - 63, -x*k + 87 = -4*a + 17. Calculate the remainder when k is divided by 22.
21
Let u be 155/15 - 1/3. Let j = 17 - u. What is the remainder when 13 is divided by (7/(-2))/j*-8?
1
What is the remainder when 30 is divided by -2*((-5)/(-4))/((-3)/18)?
0
Suppose -395 = -58*r + 475. Suppose 79 = -x - x + 3*f, -34 = x + 4*f. Let t = x + 95. Calculate the remainder when t is divided by r.
12
Suppose -i + 75 - 3 = 0. Suppose -i - 10 = -2*g. What is the remainder when 109 is divided by g + 1/2*-8?
35
Suppose 0 = -b - 3*b + 8. Suppose -b*h + 6*h = 0. Suppose h = 4*x + 27 - 83. Calculate the remainder when 25 is divided by x.
11
Let i be (-16 - -10) + 1 + 1. Suppose 2*k - z + 13 = -0*k, -50 = 5*k + z. Let g = i - k. Calculate the remainder when 12 is divided by g.
2
Let y(d) = -3*d - 5. Let o be y(-7). Suppose 3*x + o = 94. Calculate the remainder when 128 is divided by x.
24
Let j(v) = 2*v**2 + 35*v + 159. Calculate the remainder when 334 is divided by j(-6).
19
Let l(r) = -20*r - 27. Suppose 96 = -2*b - 4*n + n, -5*b + 4*n = 217. Let v = b + 64. Calculate the remainder when l(-5) is divided by v.
16
Suppose -1990 = -5*s - 5*c, -21*s + 3*c = -23*s + 801. Calculate the remainder when s is divided by 83.
61
What is the remainder when (-7*70/25)/((-6)/15) is divided by 6?
1
Suppose -3*f = -4*f + 4. Suppose -2*z = 8, -f*z - 7 + 55 = 4*v. What is the remainder when 28 is divided by v?
12
Let k be (-180)/(-25) + (-4)/(-5). Suppose -k*x + 693 = -35. What is the remainder when x is divided by 23?
22
Let j(f) = 2*f*